osite number?
True
Is 19153 composite?
True
Is 148898 composite?
True
Is 52021 a prime number?
True
Is 889 prime?
False
Is 99073 prime?
False
Is 83373 a composite number?
True
Is 5758 prime?
False
Is 656429 composite?
False
Is 350699 a composite number?
False
Is 100709 a composite number?
True
Is 43151 prime?
True
Is 6121 composite?
False
Is 3743 prime?
False
Is 65207 prime?
False
Is 1622051 a prime number?
False
Is 504611 prime?
False
Is 3679499 a prime number?
True
Is 289126 composite?
True
Is 5323 composite?
False
Is 29717 a composite number?
False
Is 12197 prime?
True
Is 672551 prime?
False
Is 10877 composite?
True
Is 217 composite?
True
Is 29779 composite?
True
Is 25777 a composite number?
True
Is 1613113 a composite number?
True
Is 2359 prime?
False
Is 38539 prime?
False
Is 1961939 a prime number?
False
Is 1529371 a prime number?
False
Is 77839 prime?
True
Is 464923 composite?
False
Is 35641 composite?
True
Is 400381 composite?
False
Is 27953 prime?
True
Is 181871 prime?
True
Is 21583 composite?
True
Is 117563 prime?
True
Is 1324437 composite?
True
Is 16843 composite?
False
Is 20861 prime?
False
Is 326341 prime?
False
Is 309197 a composite number?
True
Is 114827 a composite number?
False
Is 810673 prime?
False
Is 92987 a composite number?
False
Is 770687 prime?
False
Is 821 composite?
False
Is 103769 a composite number?
False
Is 955 prime?
False
Is 2861347 a prime number?
True
Is 2503 a composite number?
False
Is 6007 prime?
True
Is 19861 composite?
False
Is 182237 composite?
True
Is 8657 a composite number?
True
Is 149923 a composite number?
True
Is 17623 prime?
True
Is 398399 composite?
True
Is 15419 a prime number?
False
Is 660995 a prime number?
False
Is 65203 a prime number?
True
Is 2849081 prime?
False
Is 54647 composite?
False
Is 37921 a composite number?
True
Is 616897 composite?
False
Is 367163 a composite number?
False
Is 3347 prime?
True
Is 53481 a prime number?
False
Is 234967 a composite number?
False
Is 25511 a composite number?
True
Is 1577 composite?
True
Is 3511 composite?
False
Is 12709 composite?
True
Is 42589 prime?
True
Is 392307 a prime number?
False
Is 2830277 composite?
False
Is 44458 a composite number?
True
Is 43867 composite?
False
Is 3377 composite?
True
Is 27613 a prime number?
False
Is 1559 prime?
True
Is 14545 composite?
True
Is 73033 composite?
True
Is 1078219 a composite number?
False
Is 27191 prime?
True
Is 77227 a prime number?
False
Is 56183 composite?
True
Is 4637 composite?
False
Is 62459 composite?
False
Is 7727 a prime number?
True
Is 3763 a prime number?
False
Is 1471553 a prime number?
True
Is 128767 composite?
False
Is 1117 a composite number?
False
Is 7699 a prime number?
True
Is 98247 prime?
False
Is 2003713 a prime number?
False
Is 3761 a composite number?
False
Is 10289 a prime number?
True
Is 361 a composite number?
True
Is 281311 composite?
True
Is 282431 a composite number?
True
Is 118423 a composite number?
False
Is 82371 composite?
True
Is 69707 a composite number?
True
Is 22843 prime?
False
Is 23431 a prime number?
True
Is 1239397 a composite number?
False
Is 131987 a composite number?
True
Is 4727479 composite?
True
Is 103367 composite?
True
Is 46001 prime?
False
Is 12854 composite?
True
Is 6239 a prime number?
False
Is 231313 composite?
True
Is 1902181 prime?
False
Is 14351 prime?
False
Is 179 composite?
False
Is 59333 a composite number?
False
Is 102433 a composite number?
False
Is 16331 composite?
True
Is 15223 a prime number?
False
Is 3491 composite?
False
Is 1583887 composite?
False
Is 4547 a composite number?
False
Is 1381 a composite number?
False
Is 13631 a prime number?
False
Is 9173771 a composite number?
False
Is 21893 prime?
True
Is 29441 composite?
True
Is 105359 prime?
True
Is 118819 prime?
True
Is 133159 a prime number?
False
Is 100019 a composite number?
False
Is 352691 prime?
True
Is 2767 prime?
True
Is 102059 prime?
True
Is 1134715 a composite number?
True
Is 3337 composite?
True
Is 279109 composite?
False
Is 701 prime?
True
Is 15779 a composite number?
True
Is 25 a composite number?
True
Is 60871 prime?
False
Is 693943 prime?
True
Is 16879 composite?
False
Is 506641 composite?
True
Is 5897 a composite number?
False
Is 47737 prime?
True
Is 29101 prime?
True
Is 77635 composite?
True
Is 12941 a prime number?
True
Is 828787 a composite number?
False
Is 640903 prime?
False
Is 463569 prime?
False
Is 129 a prime number?
False
Is 50669 a prime number?
False
Is 33717 a composite number?
True
Is 7789 a prime number?
True
Is 22613 composite?
False
Is 22189 a prime number?
True
Is 7615 composite?
True
Is 65207 composite?
True
Is 119683 a prime number?
False
Is 15545 a composite number?
True
Is 49681 prime?
True
Is 336941 a composite number?
True
Is 1993645 prime?
False
Is 57103 prime?
False
Is 234383 a composite number?
False
Is 739 composite?
False
Is 279511 prime?
True
Is 8923 a composite number?
False
Is 780799 a composite number?
False
Is 343463 prime?
False
Is 1759763 composite?
False
Is 35963 prime?
True
Is 673 a prime number?
True
Is 1895 a prime number?
False
Is 933389 a prime number?
True
Is 9793 a composite number?
True
Is 129463 a prime number?
False
Is 57747 composite?
True
Is 5323 prime?
True
Is 10517 a prime number?
False
Is 25923 prime?
False
Is 180929 prime?
False
Is 5129 a prime number?
False
Is 33043 a composite number?
True
Is 425221 a prime number?
False
Is 381691 composite?
True
Is 13069 a composite number?
True
Is 2471 a prime number?
False
Is 251383 prime?
False
Is 14093 composite?
True
Is 86627 a composite number?
False
Is 1670791 prime?
False
Is 114467 a composite number?
False
Is 35911 prime?
True
Is 10379 a composite number?
True
Is 409751 composite?
True
Is 32845 prime?
False
Is 202117 a prime number?
False
Is 311099 prime?
True
Is 8101 composite?
False
Is 34943 prime?
False
Is 69009 composite?
True
Is 11021 a prime number?
False
Is 122777 a prime number?
True
Is 46381 a prime number?
True
Is 55997 composite?
False
Is 724751 a composite number?
False
Is 76631 prime?
True
Is 4751 prime?
True
Is 3805 prime?
False
Is 16843 composite?
False
Is 2908121 a composite number?
True
Is 598174 prime?
False
Is 8129 composite?
True
Is 61331 prime?
True
Is 862 a composite number?
True
Is 2271703 a prime number?
False
Is 22769 composite?
False
Is 63901 prime?
True
Is 443713 prime?
False
Is 524039 prime?
False
Is 196913 composite?
True
Is 19681 a composite number?
False
Is 1823 a composite number?
False
Is 1117 a composite number?
False
Is 66083 a composite number?
False
Is 454673 prime?
True
Is 5381 a composite number?
False
Is 30815 composite?
True
Is 1441 prime?
False
Is 39359 a composite number?
False
Is 42589 a composite number?
False
Is 2149 a prime number?
False
Is 3949 composite?
True
Is 1579 composite?
False
Is 223423 composite?
False
Is 127943 a composite number?
True
Is 18077 composite?
False
Is 7121 prime?
True
Is 127207 a composite number?
False
Is 10133 a prime number?
True
Is 76333 a prime number?
True
Is 79522 a prime number?
False
Is 6497 a prime number?
False
Is 28687 a composite number?
False
Is 33591 a prime number?
False
Is 53723 a composite number?
True
Is 94881 prime?
False
Is 6673 a composite number?
False
Is 241847 prime?
True
Is 194149 prime?
True
Is 2433491 a prime number?
True
Is 22229 composite?
False
Is 19319 prime?
True
Is 21 composite?
True
Is 6145 a prime number?
False
Is 23377 composite?
True
Is 55201 a composite number?
False
Is 27917 a prime number?
True
Is 46219 a prime number?
True
Is 35842 a composite number?
True
Is 6449 prime?
True
Is 26337 a prime number?
False
Is 1375567 prime?
True
Is 14143 a composite number?
False
Is 53113 prime?
True
Is 30803 composite?
False
Is 15967 composite?
True
Is 6469 a prime number?
True
Is 936953 a prime number?
True
Is 2633 a composite number?
False
Is 46789 a composite number?
True
Is 211051 a composite number?
False
Is 14485 a composite number?
True
Is 42193 a composite number?
False
Is 13643 composite?
True
Is 251 prime?
True
Is 1450805 a composite number?
True
Is 71705 a composite number?
True
Is 59957 a prime number?
True
Is 93511 a prime number?
False
Is 295567 prime?
True
Is 16273 composite?
False
Is 14143 composite?
False
Is 17693 a composite number?
True
Is 18427 a prime number?
T